{"id":2472,"date":"2023-08-30T15:58:00","date_gmt":"2023-08-30T13:58:00","guid":{"rendered":"https:\/\/ag-univerlage.de\/?page_id=2472"},"modified":"2023-11-02T12:52:49","modified_gmt":"2023-11-02T10:52:49","slug":"institutionelles-publizieren","status":"publish","type":"page","link":"https:\/\/ag-univerlage.de\/?page_id=2472","title":{"rendered":"Institutionelles Publizieren"},"content":{"rendered":"<p><a href=\"https:\/\/ag-univerlage.de\/?page_id=2578\"><img loading=\"lazy\" decoding=\"async\" class=\"alignright wp-image-2609\" style=\"margin-top: -3em;\" src=\"https:\/\/ag-univerlage.de\/wp-content\/uploads\/2023\/11\/Flag_of_the_United_Kingdom.png\" alt=\"English\" title=\"English\" width=\"31\" height=\"19\" \/><\/a><strong>Sieben Positionen zur Bedeutung von Universit\u00e4tsverlagen<\/strong><\/p>\n<p>Die AG ist Partner der Association of European University Presses (AEUP): AEUP ver\u00f6ffentlichte im M\u00e4rz 2018 erstmals <a href=\"http:\/\/www.aeup.eu\/aeup\/resources\/seven-statements-on-european-university-presses\/\" target=\"_blank\" rel=\"noopener\">Positionen zur Bedeutung europ\u00e4ischer Universit\u00e4tsverlage<\/a><em>.<\/em> Diese Positionen unterstreichen die wichtige Rolle von Universit\u00e4tsverlagen und positionieren sie als bedeutsame Akteure und Partner von Politik und Forschung. Die Arbeitsgemeinschaft unterst\u00fctzt diese Positionen. Sie legt nun eine modifizierte Fassung der von AEUP formulierten Positionen in deutscher Sprache vor:<\/p>\n<p><strong>Sieben Positionen zu institutionellen Publikationsinfrastrukturen und Universit\u00e4tsverlagen<\/strong><\/p>\n<p>Nichtkommerzielle Publikationsinfrastrukturen wissenschaftlicher Institutionen Europas spielen eine wichtige Rolle in der Wissenschaftskommunikation. Europ\u00e4ische Universit\u00e4tsverlage sind Teil dieser Infrastrukturen. Die folgenden sieben Positionen unterstreichen ihre Bedeutung und positionieren sie als wichtige Akteure und Partner von Politik und Forschung.<\/p>\n<ol>\n<li>Europ\u00e4ische Universit\u00e4tsverlage leisten einen wichtigen Beitrag, um Europa in seiner Vielfalt auch in der Wissenschaftskommunikation sichtbar zu machen. Das weite Spektrum der Sprachen, Kulturen und Forschungsdisziplinen bereichert die Bandbreite wissenschaftlicher wie auch gesellschaftlicher Diskurse.<\/li>\n<li>Europ\u00e4ische Universit\u00e4tsverlage bringen mit ihren Dienstleistungen den Institutionen, an denen sie angesiedelt sind, ebenso wie ihren AutorInnen, HerausgeberInnen und LeserInnen greifbare Vorteile.<\/li>\n<li>Europ\u00e4ische Universit\u00e4tsverlage richten Begutachtungsprozesse und Ver\u00f6ffentlichungsrichtlinien an internationalen Standards und den Anforderungen der jeweiligen Fachdisziplinen aus. Sie tragen damit zur Sicherung der guten wissenschaftlichen Praxis bei.<\/li>\n<li>Die Gesch\u00e4ftsmodelle und Arbeitsprozesse von europ\u00e4ischen Universit\u00e4tsverlagen spiegeln die Bed\u00fcrfnisse ihrer wissenschaftlichen AutorInnen und Institutionen wider. Wissenschaftsfreundliche Finanzierungsmodelle und unterst\u00fctzende Infrastrukturen sowie entsprechende Governance-Strukturen erm\u00f6glichen es Universit\u00e4tsverlagen, qualit\u00e4tsgesicherte Open-Access-Monografien, Zeitschriften und andere Publikationsformen sowie Materialien in unterschiedlichen Formaten zu ver\u00f6ffentlichen und technisch neue Formen der Erschlie\u00dfung und Nutzung anzubieten.<\/li>\n<li>Der Zugang zu den Ergebnissen wissenschaftlicher Kommunikation muss so frei und umfassend wie m\u00f6glich sein, damit Wissenschaft und Gesellschaft in vollem Umfang davon profitieren k\u00f6nnen. Open Access und Open Science sind wichtige Strategien, um dieses Ziel zu erreichen. Europ\u00e4ische Universit\u00e4tsverlage unterst\u00fctzen diese Strategien und tragen damit zu weltweiten Wissensnetzwerken bei.<\/li>\n<li>Europ\u00e4ische Universit\u00e4tsverlage eint das Ziel, die Ergebnisse wissenschaftlicher Kommunikation in ihrer Reichhaltigkeit sichtbar zu machen. Um die Gesellschaft bei ihren gegenw\u00e4rtigen und zuk\u00fcnftigen Herausforderungen zu unterst\u00fctzen, sollen insbesondere die Potenziale der Geistes- und Sozialwissenschaften erschlossen werden, damit auch deren Forschungsergebnisse der Gesellschaft uneingeschr\u00e4nkt zur Verf\u00fcgung stehen.<\/li>\n<li>Vereinigungen von Universit\u00e4tsverlagen sind wichtige Partner in der Ausgestaltung von Rahmenbedingungen f\u00fcr die genannten Ziele, deren Auswirkungen in Europa und dar\u00fcber hinaus sp\u00fcrbar sein werden.<\/li>\n<\/ol>\n<p>Modifizierte Fassung (deutsche Fassung), Stand: Juni 2018. Eine PDF-Version des Positionspapiers <a href=\"http:\/\/blog.bibliothek.kit.edu\/ag_univerlage\/wp-content\/uploads\/2018\/06\/AG_Univerlage_Sieben-Positionen_Stand_Juni_2018.pdf\" target=\"_blank\" rel=\"noopener\">finden Sie hier<\/a>.<\/p>\n<p>Originalfassung (englische Fassung): <a href=\"http:\/\/www.aeup.eu\/aeup\/resources\/seven-statements-on-european-university-presses\/\" target=\"_blank\" rel=\"noopener\">http:\/\/www.aeup.eu\/aeup\/resources\/seven-statements-on-european-university-presses\/<\/a>, Stand: M\u00e4rz 2018.<\/p>\n","protected":false},"excerpt":{"rendered":"<p><a href=\"https:\/\/ag-univerlage.de\/?page_id=2578\"><img loading=\"lazy\" decoding=\"async\" class=\"alignright wp-image-2609\" style=\"margin-top: -3em;\" src=\"https:\/\/ag-univerlage.de\/wp-content\/uploads\/2023\/11\/Flag_of_the_United_Kingdom.png\" alt=\"English\" title=\"English\" width=\"31\" height=\"19\" \/><\/a><strong>Sieben Positionen zur Bedeutung von Universit\u00e4tsverlagen<\/strong><\/p>\n<p>Die AG ist Partner der Association of European University Presses (AEUP): AEUP ver\u00f6ffentlichte im M\u00e4rz 2018 erstmals <a href=\"http:\/\/www.aeup.eu\/aeup\/resources\/seven-statements-on-european-university-presses\/\" target=\"_blank\" rel=\"noopener\">Positionen zur Bedeutung europ\u00e4ischer Universit\u00e4tsverlage<\/a><em>.<\/em> Diese Positionen unterstreichen die wichtige Rolle von Universit\u00e4tsverlagen und positionieren sie als bedeutsame Akteure und Partner von Politik und Forschung.<\/p>\n<p><span class=\"ellipsis\">&hellip;<\/span><\/p>\n<div class=\"read-more\"><a href=\"https:\/\/ag-univerlage.de\/?page_id=2472\">Weiterlesen \u203a<\/a><\/div>\n<p><!-- end of .read-more --><\/p>\n","protected":false},"author":64,"featured_media":0,"parent":0,"menu_order":0,"comment_status":"closed","ping_status":"closed","template":"","meta":{"footnotes":""},"class_list":["post-2472","page","type-page","status-publish","hentry"],"_links":{"self":[{"href":"https:\/\/ag-univerlage.de\/index.php?rest_route=\/wp\/v2\/pages\/2472","targetHints":{"allow":["GET"]}}],"collection":[{"href":"https:\/\/ag-univerlage.de\/index.php?rest_route=\/wp\/v2\/pages"}],"about":[{"href":"https:\/\/ag-univerlage.de\/index.php?rest_route=\/wp\/v2\/types\/page"}],"author":[{"embeddable":true,"href":"https:\/\/ag-univerlage.de\/index.php?rest_route=\/wp\/v2\/users\/64"}],"replies":[{"embeddable":true,"href":"https:\/\/ag-univerlage.de\/index.php?rest_route=%2Fwp%2Fv2%2Fcomments&post=2472"}],"version-history":[{"count":3,"href":"https:\/\/ag-univerlage.de\/index.php?rest_route=\/wp\/v2\/pages\/2472\/revisions"}],"predecessor-version":[{"id":2640,"href":"https:\/\/ag-univerlage.de\/index.php?rest_route=\/wp\/v2\/pages\/2472\/revisions\/2640"}],"wp:attachment":[{"href":"https:\/\/ag-univerlage.de\/index.php?rest_route=%2Fwp%2Fv2%2Fmedia&parent=2472"}],"curies":[{"name":"wp","href":"https:\/\/api.w.org\/{rel}","templated":true}]}}