{"id":2445,"date":"2023-08-30T15:04:43","date_gmt":"2023-08-30T13:04:43","guid":{"rendered":"https:\/\/ag-univerlage.de\/?page_id=2445"},"modified":"2026-02-17T15:43:39","modified_gmt":"2026-02-17T13:43:39","slug":"mitgliedschaft","status":"publish","type":"page","link":"https:\/\/ag-univerlage.de\/?page_id=2445","title":{"rendered":"Mitgliedschaft"},"content":{"rendered":"<p><a href=\"https:\/\/ag-univerlage.de\/?page_id=2571\"><img loading=\"lazy\" decoding=\"async\" class=\"alignright wp-image-2609\" style=\"margin-top: -3em;\" title=\"English\" src=\"https:\/\/ag-univerlage.de\/wp-content\/uploads\/2023\/11\/Flag_of_the_United_Kingdom.png\" alt=\"English\" width=\"31\" height=\"19\" \/><\/a><strong>Mitgliedschaft in der AG Universit\u00e4tsverlage<\/strong><\/p>\n<p>Die dynamische Entwicklung des wissenschaftlichen Kommunikationssystems bringt wissenschaftseigene Verlage, Publikationsservices, Plattformen und andere Infrastrukturen hervor, die verlegerische Dienstleistungen anbieten. Im Folgenden wird der Einfachheit halber von \u201eVerlag\u201c gesprochen. Die diese Services betreibenden Einrichtungen sind eingeladen, Mitglieder der AG Universit\u00e4tsverlage zu werden, sofern sie die Anforderungen f\u00fcr eine Mitgliedschaft erf\u00fcllen. Auf dieser Seite finden Sie weitere Informationen.<\/p>\n<ul>\n<li><strong><a href=\"#Abschnitt01\">\u00fcber die Arten der Mitgliedschaft,<\/a> <\/strong><\/li>\n<li><strong><a href=\"#Abschnitt02\">\u00fcber unsere Mitgliedschaftskriterien (Stand: Januar 2026)<\/a>, <\/strong><\/li>\n<li><strong><a href=\"#Abschnitt03\">\u00fcber den Weg der Antragsstellung. <\/a><\/strong><\/li>\n<\/ul>\n<p><a name=\"Abschnitt01\"><\/a><\/p>\n<h4>Arten der Mitgliedschaft<\/h4>\n<ul>\n<li>Beim Erf\u00fcllen aller <a href=\"#Abschnitt02\">Kriterien<\/a> erwerben Verlage eine Vollmitgliedschaft in der AG Universit\u00e4tsverlage, die das Stimmrecht beinhaltet und die M\u00f6glichkeit er\u00f6ffnet, im Sounding und Executive Board mitzuarbeiten.<\/li>\n<li>K\u00f6nnen einige Kriterien nicht erf\u00fcllt werden, insbesondere die Kriterien 1 bis 4 oder 7, besteht die M\u00f6glichkeit einer assoziierten Mitgliedschaft, die ohne Stimmrecht oder die Option, im Sounding und Executive Board mitzuarbeiten, einhergeht. Die Kriterien 5, 6, 8 a) sowie b) und 9 sind jedoch auch f\u00fcr die assoziierte Mitgliedschaft verbindlich.<\/li>\n<li>Assoziierte Mitglieder k\u00f6nnen jederzeit beantragen, Vollmitglieder zu werden, wenn sich ihr Gesch\u00e4ftsmodell \u00e4ndert und sie Open Access voll unterst\u00fctzen k\u00f6nnen.<\/li>\n<li>Die kollegiale Zusammenarbeit, eine aktive Mitarbeit in den Themengruppen sowie die Teilnahme am Jahrestreffen werden ausdr\u00fccklich von allen Mitgliedern erw\u00fcnscht.<\/li>\n<\/ul>\n<p><a name=\"Abschnitt02\"><\/a><\/p>\n<h4>Mitgliedschaftskriterien der AG Universit\u00e4tsverlage (Stand: Januar 2026)<\/h4>\n<p>* = Voraussetzung f\u00fcr eine Vollmitgliedschaft<br \/>\n** = Mindestvoraussetzung f\u00fcr eine assoziierte Mitgliedschaft<\/p>\n<ol>\n<li><strong>Bekenntnis zu Open Access und Open Science *<\/strong>\n<ol style=\"list-style-type: lower-alpha; margin-bottom: 1.5em;\">\n<li>Autor*innen und Herausgeber*innen wird sichtbar die M\u00f6glichkeit angeboten, Open Access im Sinne der Berliner Erkl\u00e4rung zu publizieren.<\/li>\n<li>Die jeweilige Open-Access-Version der Ver\u00f6ffentlichungen ist \u00fcber die Seite des Verlags zug\u00e4nglich. Dies ist unabh\u00e4ngig davon, ob die Publikationsplattform in der Verantwortung des Verlags selbst liegt oder durch eine andere Einrichtung betrieben wird.<\/li>\n<li>Die langfristige Verf\u00fcgbarkeit solcher Open-Access-Versionen und ihrer Metadaten ist durch eine anerkannte Plattform zur Sicherung der Langzeitverf\u00fcgbarkeit und\/oder eine wissenschaftliche\/\u00f6ffentliche Einrichtung gesichert.<\/li>\n<li>Der Verlag ist offen gegen\u00fcber neuen oder experimentellen Formen des Publizierens, die Open Science unterst\u00fctzen (Verkn\u00fcpfung mit Forschungsdaten, enhanced publications, Annotationen, Maschinenlesbarkeit etc.).<\/li>\n<\/ol>\n<\/li>\n<li><strong>Wissenschaftsfreundliche Rechtepolitik *<\/strong><br \/>\nEine wissenschaftsfreundliche Rechtepolitik erm\u00f6glicht es, dass Forschungsergebnisse m\u00f6glichst breit rezipiert und nachgenutzt werden k\u00f6nnen. Das bedeutet, dass wissenschaftliche Urheber*innen die Kontrolle \u00fcber ihre eigenen Publikationen behalten und den Verwertern nur die Rechte einr\u00e4umen, die diese f\u00fcr ihre Dienstleistung ben\u00f6tigen.<\/p>\n<ol style=\"list-style-type: lower-alpha; margin-bottom: 1.5em;\">\n<li>Der Verlag bietet klare Informationen zu den urheberrechtlichen Aspekten seiner Services.<\/li>\n<li>Der Verlag l\u00e4sst sich von den Urheber*innen f\u00fcr die zentralen Verbreitungsformate einfache, also keine ausschlie\u00dflichen Nutzungsrechte einr\u00e4umen.<\/li>\n<li>Der Verlag l\u00e4sst sich von den Urheber*innen nur die Nutzungsrechte einr\u00e4umen, die er auch aus\u00fcben wird (z.B. Online-Ver\u00f6ffentlichung, Verbreitung von Printexemplaren, ggf. \u00dcbersetzungen).<\/li>\n<li>Um der Allgemeinheit gr\u00f6\u00dftm\u00f6gliche Nutzungsrechte einzur\u00e4umen, werden die Open-Access-Publikationen unter anerkannten Lizenzen zur freien Nachnutzung ver\u00f6ffentlicht. Empfohlen wird die Creative-Commons-Lizenz CC BY.<\/li>\n<\/ol>\n<\/li>\n<li><strong>Professionelles Agieren als Verlag *<\/strong>\n<ol style=\"list-style-type: lower-alpha; margin-bottom: 1.5em;\">\n<li>Das Serviceangebot ist auf einer Webpr\u00e4senz des Verlags beschrieben.<\/li>\n<li>Die erschienenen Publikationen werden in allen verf\u00fcgbaren Versionen als erkennbare Sammlung pr\u00e4sentiert.<\/li>\n<li>Der Verlag praktiziert verlegerisch etablierte, professionelle Abl\u00e4ufe der Aufbereitung, Bereitstellung und Langzeitverf\u00fcgbarkeit der wissenschaftlichen Inhalte.<\/li>\n<\/ol>\n<\/li>\n<li><strong>Verlegerisches Programm *<\/strong>\n<ol style=\"list-style-type: lower-alpha; margin-bottom: 1.5em;\">\n<li>Das verlegerische Programm besteht vorwiegend aus qualit\u00e4tsgepr\u00fcften wissenschaftlichen Prim\u00e4rpublikationen.<\/li>\n<li>Zweitver\u00f6ffentlichte oder nicht begutachtete (z. B. Working Paper, Berichte) Publikationen sowie PR-Material f\u00fcr die \u00fcbergeordnete Einrichtung stellen geringere Anteile des Verlagsprogramms dar.<\/li>\n<\/ol>\n<\/li>\n<li><strong>Zielgruppe des Service **<\/strong>\n<ol style=\"list-style-type: lower-alpha; margin-bottom: 1.5em;\">\n<li>Das Angebot wendet sich an wissenschaftliche Autor*innen und Herausgeber*innen.<\/li>\n<li>Der Service steht Angeh\u00f6rigen der eigenen Einrichtung und \/ oder Autor*innen und Herausgeber*innen der im Verlagsprogramm vertretenen Schwerpunkte offen.<\/li>\n<\/ol>\n<\/li>\n<li><strong>Qualit\u00e4tssicherung nach wissenschaftlichen Standards **<\/strong>\n<ol style=\"list-style-type: lower-alpha; margin-bottom: 1.5em;\">\n<li>Der Verlag ergreift disziplinspezifisch anerkannte Ma\u00dfnahmen zur Gew\u00e4hrleistung hoher wissenschaftlicher Qualit\u00e4t der ver\u00f6ffentlichten Inhalte (verlagseigene und\/oder externe Begutachtung; fachwissenschaftliche Qualit\u00e4tssicherung).<\/li>\n<li>Der Verlag unterst\u00fctzt durch seine Prozesse die gute wissenschaftliche Praxis.<\/li>\n<li>Der Verlag ergreift Ma\u00dfnahmen zur Sicherung der formalen und technischen Qualit\u00e4t (Herstellung, Layout, Referenzierbarkeit, Dateiformate, Metadaten etc.).<\/li>\n<li>Der Verlag gew\u00e4hrleistet nachweisbar die Qualit\u00e4t der verlegerischen Prozesse (z. B. Prozessbeschreibung auf der Webseite).<\/li>\n<\/ol>\n<\/li>\n<li><strong>Organisation *<\/strong>\n<ol style=\"list-style-type: lower-alpha; margin-bottom: 1.5em;\">\n<li>Es besteht eine Anbindung an eine benennbare Forschungseinrichtung oder wissenschaftliche Einrichtung.<\/li>\n<li>Die Anerkennung des Verlags oder des Publikationsservices durch die Institution ist sichtbar (z. B. Nennung auf der Institutions\u2010Webseite).<\/li>\n<\/ol>\n<\/li>\n<li><strong>Gesch\u00e4ftsmodell<\/strong>\n<ol style=\"list-style-type: lower-alpha; margin-bottom: 1.5em;\">\n<li>Der Betrieb des Verlags ist nicht auf Gewinnmaximierung ausgerichtet. **<\/li>\n<li>Die Zusammenarbeit mit den wissenschaftlichen Autor*innen und Herausgeber*innen gestaltet sich partnerschaftlich. **<\/li>\n<li>Die Open-Access-Publikationsm\u00f6glichkeit ist zentraler Bestandteil des Gesch\u00e4ftsmodells und nicht nur als kostenpflichtiger Zusatzservice zur Drucklegung konzipiert.<\/li>\n<\/ol>\n<\/li>\n<li><strong>Kollegiale Zusammenarbeit **<\/strong>\n<ol style=\"list-style-type: lower-alpha; margin-bottom: 1.5em;\">\n<li>Der Verlag verpflichtet sich zur transparenten und kollegialen Zusammenarbeit in der AG Universit\u00e4tsverlage.<\/li>\n<li>Dazu geh\u00f6rt insbesondere die regelm\u00e4\u00dfige Teilnahme an der AG\u2010seitigen Kommunikation (Forum, Mailingliste etc.), die Mitarbeit in Unterarbeitsgruppen und ggf. finanzielle Unterst\u00fctzung der AG-Arbeit.<\/li>\n<li>Die gemeinsamen Webpr\u00e4senzen (z. B. AG-Katalog, Webseite) werden unterst\u00fctzt.<\/li>\n<\/ol>\n<\/li>\n<\/ol>\n<p>Mitgliedschaftskriterien in <a href=\"http:\/\/doi.org\/10.5281\/zenodo.3954902\" target=\"_blank\" rel=\"noopener\">Deutsch als PDF<\/a> | Membership criteria in <a href=\"http:\/\/doi.org\/10.5281\/zenodo.3954917\" target=\"_blank\" rel=\"noopener\">English as PDF<\/a> (Stand: Mai 2020)<\/p>\n<p><a name=\"Abschnitt03\"><\/a><\/p>\n<h4>Antragstellung<\/h4>\n<p>Den Antrag auf die Mitgliedschaft finden Sie als <a href=\"https:\/\/ag-univerlage.de\/wp-content\/uploads\/2026\/01\/Mitgliedschaftsantrag-AG-Universitaetsverlage-de_2026-01.doc\" target=\"_blank\" rel=\"noopener\">WORD-Formular hier<\/a>.<\/p>\n<p>Bitte nehmen Sie zu allen aufgef\u00fchrten Kriterien Stellung und begr\u00fcnden Sie, wenn Ihr Verlag ein Kriterium nicht oder nur teilweise erf\u00fcllen kann. Nennen Sie \u2013 wo m\u00f6glich \u2013 jeweils eine URL, \u00fcber die Ihre Angaben verifiziert werden k\u00f6nnen.<\/p>\n<p>Wenn die von uns abgefragten Informationen nicht auf der Webpr\u00e4senz Ihres Verlags zu finden sind, empfehlen wir im Sinne der guten Verlagspraxis, diese Informationen k\u00fcnftig \u00f6ffentlich vorzuhalten, unabh\u00e4ngig davon, ob Sie eine Vollmitgliedschaft oder die assoziierte Mitgliedschaft in der AG Universit\u00e4tsverlage anstreben.<\/p>\n<p>Den ausgef\u00fcllten Antrag schicken Sie bitte an <a href=\"mailto:ag-universitaetsverlage@zbmed.de\">ag-universitaetsverlage@zbmed.de<\/a><em>.<\/em><\/p>\n<p>Gerne beantworten wir im Vorfeld der Antragstellung schon Ihre Fragen und unterst\u00fctzen Sie bei die der Erf\u00fcllung der Mitgliedschaftskriterien: <a href=\"mailto:ag-universitaetsverlage@zbmed.de\">ag-universitaetsverlage@zbmed.de<\/a><em>.<\/em><\/p>\n","protected":false},"excerpt":{"rendered":"<p><a href=\"https:\/\/ag-univerlage.de\/?page_id=2571\"><img loading=\"lazy\" decoding=\"async\" class=\"alignright wp-image-2609\" style=\"margin-top: -3em;\" title=\"English\" src=\"https:\/\/ag-univerlage.de\/wp-content\/uploads\/2023\/11\/Flag_of_the_United_Kingdom.png\" alt=\"English\" width=\"31\" height=\"19\" \/><\/a><strong>Mitgliedschaft in der AG Universit\u00e4tsverlage<\/strong><\/p>\n<p>Die dynamische Entwicklung des wissenschaftlichen Kommunikationssystems bringt wissenschaftseigene Verlage, Publikationsservices, Plattformen und andere Infrastrukturen hervor, die verlegerische Dienstleistungen anbieten. Im Folgenden wird der Einfachheit halber von \u201eVerlag\u201c gesprochen.<\/p>\n<p><span class=\"ellipsis\">&hellip;<\/span><\/p>\n<div class=\"read-more\"><a href=\"https:\/\/ag-univerlage.de\/?page_id=2445\">Weiterlesen \u203a<\/a><\/div>\n<p><!-- end of .read-more --><\/p>\n","protected":false},"author":64,"featured_media":0,"parent":0,"menu_order":0,"comment_status":"closed","ping_status":"closed","template":"","meta":{"footnotes":""},"class_list":["post-2445","page","type-page","status-publish","hentry"],"_links":{"self":[{"href":"https:\/\/ag-univerlage.de\/index.php?rest_route=\/wp\/v2\/pages\/2445","targetHints":{"allow":["GET"]}}],"collection":[{"href":"https:\/\/ag-univerlage.de\/index.php?rest_route=\/wp\/v2\/pages"}],"about":[{"href":"https:\/\/ag-univerlage.de\/index.php?rest_route=\/wp\/v2\/types\/page"}],"author":[{"embeddable":true,"href":"https:\/\/ag-univerlage.de\/index.php?rest_route=\/wp\/v2\/users\/64"}],"replies":[{"embeddable":true,"href":"https:\/\/ag-univerlage.de\/index.php?rest_route=%2Fwp%2Fv2%2Fcomments&post=2445"}],"version-history":[{"count":35,"href":"https:\/\/ag-univerlage.de\/index.php?rest_route=\/wp\/v2\/pages\/2445\/revisions"}],"predecessor-version":[{"id":2831,"href":"https:\/\/ag-univerlage.de\/index.php?rest_route=\/wp\/v2\/pages\/2445\/revisions\/2831"}],"wp:attachment":[{"href":"https:\/\/ag-univerlage.de\/index.php?rest_route=%2Fwp%2Fv2%2Fmedia&parent=2445"}],"curies":[{"name":"wp","href":"https:\/\/api.w.org\/{rel}","templated":true}]}}