{"id":2439,"date":"2023-08-30T14:34:30","date_gmt":"2023-08-30T12:34:30","guid":{"rendered":"https:\/\/ag-univerlage.de\/?page_id=2439"},"modified":"2023-11-02T12:44:00","modified_gmt":"2023-11-02T10:44:00","slug":"unsere-qualitaetsstandards","status":"publish","type":"page","link":"https:\/\/ag-univerlage.de\/?page_id=2439","title":{"rendered":"Unsere Qualit\u00e4tsstandards"},"content":{"rendered":"<p><a href=\"https:\/\/ag-univerlage.de\/?page_id=2563\"><img loading=\"lazy\" decoding=\"async\" class=\"alignright wp-image-2609\" style=\"margin-top: -3em;\" src=\"https:\/\/ag-univerlage.de\/wp-content\/uploads\/2023\/11\/Flag_of_the_United_Kingdom.png\" alt=\"English\" title=\"English\" width=\"31\" height=\"19\" \/><\/a><strong>Qualit\u00e4tsstandards f\u00fcr Open-Access-Monografien und \u2013Sammelb\u00e4nde<\/strong><\/p>\n<p>Die in der AG Universit\u00e4tsverlage organisierten wissenschaftsnahen Verlage aus Deutschland, \u00d6sterreich und Italien ver\u00f6ffentlichen pro Jahr ca. 1000 Neuerscheinungen nach hohen Standards, davon weit \u00fcber die H\u00e4lfte im Open Access.<\/p>\n<p>Die kooperativ hat bereits 2018 \u201eQualit\u00e4tsstandards f\u00fcr Open-Access-Monografien und -Sammelb\u00e4nde\u201c erarbeitet, sie setzen Ma\u00dfst\u00e4be an Open-Access-Monografien, die \u00fcber Beschreibung des Status Quo hinaus gehen. Die Qualit\u00e4tskriterien richten sich gleicherma\u00dfen an die Mitgliedsverlage der AG wie an kommerzielle Buchverlage, deren Open-Access-Publikationen aus \u00f6ffentlichen Mitteln (OA-Monografienfonds) gef\u00f6rdert werden. 2022 ist eine \u00fcberarbeitete und erweiterte Version erschienen, die Dagmar Schobert und Margo Bargheer auf den Open-Access-Tagen in Bern (2022) vor- und zur Diskussion gestellt haben (<a href=\"https:\/\/doi.org\/10.5281\/zenodo.7089278\" target=\"_blank\" rel=\"noopener\">Folien<\/a>).<\/p>\n<p><strong>Version 2 (2022)<\/strong><\/p>\n<ul>\n<li>DE: Arbeitsgemeinschaft der Universit\u00e4tsverlage. (2022). Qualit\u00e4tsstandards f\u00fcr Open-Access-B\u00fccher (Version 2). Zenodo. <a href=\"https:\/\/doi.org\/10.5281\/zenodo.7075761\" target=\"_blank\" rel=\"noopener\">https:\/\/doi.org\/10.5281\/zenodo.7075761<\/a><\/li>\n<li>EN: Arbeitsgemeinschaft Universit\u00e4tsverlage. (2023). Quality Standards for Open Access Books (Version 2). Zenodo. <a href=\"https:\/\/zenodo.org\/record\/7743833\" target=\"_blank\" rel=\"noopener\">https:\/\/zenodo.org\/record\/7743833<\/a><\/li>\n<\/ul>\n<p><strong>Version 1 (2018)<\/strong><\/p>\n<ul>\n<li>DE: Arbeitsgemeinschaft Universit\u00e4tsverlage. (2018). Qualit\u00e4tsstandards f\u00fcr Open-Access-Monografien und -Sammelb\u00e4nde (Version 1). Zenodo. <a href=\"https:\/\/doi.org\/10.5281\/zenodo.3562239\" target=\"_blank\" rel=\"noopener\">https:\/\/doi.org\/10.5281\/zenodo.3562239<\/a><\/li>\n<li>EN: Arbeitsgemeinschaft Universit\u00e4tsverlage. (2021). Quality Standards for Open Access Books. Zenodo. <a href=\"https:\/\/doi.org\/10.5281\/zenodo.4622135\" target=\"_blank\" rel=\"noopener\">https:\/\/doi.org\/10.5281\/zenodo.4622135<\/a><\/li>\n<\/ul>\n","protected":false},"excerpt":{"rendered":"<p><a href=\"https:\/\/ag-univerlage.de\/?page_id=2563\"><img loading=\"lazy\" decoding=\"async\" class=\"alignright wp-image-2609\" style=\"margin-top: -3em;\" src=\"https:\/\/ag-univerlage.de\/wp-content\/uploads\/2023\/11\/Flag_of_the_United_Kingdom.png\" alt=\"English\" title=\"English\" width=\"31\" height=\"19\" \/><\/a><strong>Qualit\u00e4tsstandards f\u00fcr Open-Access-Monografien und \u2013Sammelb\u00e4nde<\/strong><\/p>\n<p>Die in der AG Universit\u00e4tsverlage organisierten wissenschaftsnahen Verlage aus Deutschland, \u00d6sterreich und Italien ver\u00f6ffentlichen pro Jahr ca. 1000 Neuerscheinungen nach hohen Standards, davon weit \u00fcber die H\u00e4lfte im Open Access.<\/p>\n<p><span class=\"ellipsis\">&hellip;<\/span><\/p>\n<div class=\"read-more\"><a href=\"https:\/\/ag-univerlage.de\/?page_id=2439\">Weiterlesen \u203a<\/a><\/div>\n<p><!-- end of .read-more --><\/p>\n","protected":false},"author":64,"featured_media":0,"parent":0,"menu_order":0,"comment_status":"closed","ping_status":"closed","template":"","meta":{"footnotes":""},"class_list":["post-2439","page","type-page","status-publish","hentry"],"_links":{"self":[{"href":"https:\/\/ag-univerlage.de\/index.php?rest_route=\/wp\/v2\/pages\/2439","targetHints":{"allow":["GET"]}}],"collection":[{"href":"https:\/\/ag-univerlage.de\/index.php?rest_route=\/wp\/v2\/pages"}],"about":[{"href":"https:\/\/ag-univerlage.de\/index.php?rest_route=\/wp\/v2\/types\/page"}],"author":[{"embeddable":true,"href":"https:\/\/ag-univerlage.de\/index.php?rest_route=\/wp\/v2\/users\/64"}],"replies":[{"embeddable":true,"href":"https:\/\/ag-univerlage.de\/index.php?rest_route=%2Fwp%2Fv2%2Fcomments&post=2439"}],"version-history":[{"count":6,"href":"https:\/\/ag-univerlage.de\/index.php?rest_route=\/wp\/v2\/pages\/2439\/revisions"}],"predecessor-version":[{"id":2630,"href":"https:\/\/ag-univerlage.de\/index.php?rest_route=\/wp\/v2\/pages\/2439\/revisions\/2630"}],"wp:attachment":[{"href":"https:\/\/ag-univerlage.de\/index.php?rest_route=%2Fwp%2Fv2%2Fmedia&parent=2439"}],"curies":[{"name":"wp","href":"https:\/\/api.w.org\/{rel}","templated":true}]}}